
40
What is the remainder when 38 is divided by 35?
3
What is the remainder when 60 is divided by 25?
10
What is the remainder when 71 is divided by 19?
14
Calculate the remainder when 102 is divided by 8.
6
What is the remainder when 196 is divided by 3?
1
Calculate the remainder when 407 is divided by 25.
7
Calculate the remainder when 86 is divided by 1.
0
What is the remainder when 67 is divided by 10?
7
What is the remainder when 297 is divided by 7?
3
Calculate the remainder when 2126 is divided by 237.
230
What is the remainder when 1234 is divided by 409?
7
What is the remainder when 988 is divided by 110?
108
What is the remainder when 48 is divided by 11?
4
Calculate the remainder when 392 is divided by 33.
29
What is the remainder when 3501 is divided by 59?
20
What is the remainder when 3186 is divided by 35?
1
Calculate the remainder when 243 is divided by 139.
104
What is the remainder when 6796 is divided by 2262?
10
What is the remainder when 176 is divided by 26?
20
What is the remainder when 12296 is divided by 19?
3
Calculate the remainder when 156 is divided by 80.
76
What is the remainder when 604 is divided by 17?
9
Calculate the remainder when 281 is divided by 75.
56
Calculate the remainder when 310 is divided by 46.
34
What is the remainder when 1028 is divided by 341?
5
What is the remainder when 545 is divided by 98?
55
What is the remainder when 671 is divided by 662?
9
Calculate the remainder when 41 is divided by 23.
18
What is the remainder when 3140 is divided by 3130?
10
Calculate the remainder when 3856 is divided by 37.
8
Calculate the remainder when 57 is divided by 45.
12
What is the remainder when 155 is divided by 39?
38
Calculate the remainder when 33 is divided by 14.
5
Calculate the remainder when 140 is divided by 75.
65
Calculate the remainder when 223 is divided by 116.
107
Calculate the remainder when 1655 is divided by 88.
71
Calculate the remainder when 2160 is divided by 94.
92
Calculate the remainder when 499 is divided by 100.
99
What is the remainder when 195 is divided by 22?
19
What is the remainder when 91 is divided by 78?
13
Calculate the remainder when 183 is divided by 23.
22
What is the remainder when 1428 is divided by 130?
128
What is the remainder when 200 is divided by 62?
14
Calculate the remainder when 509 is divided by 45.
14
Calculate the remainder when 463 is divided by 29.
28
Calculate the remainder when 762 is divided by 34.
14
What is the remainder when 458 is divided by 10?
8
Calculate the remainder when 213 is divided by 22.
15
What is the remainder when 334 is divided by 56?
54
What is the remainder when 781 is divided by 6?
1
Calculate the remainder when 61 is divided by 13.
9
Calculate the remainder when 219 is divided by 74.
71
What is the remainder when 193 is divided by 39?
37
Calculate the remainder when 19400 is divided by 29.
28
What is the remainder when 410 is divided by 190?
30
What is the remainder when 166 is divided by 11?
1
What is the remainder when 1078 is divided by 72?
70
Calculate the remainder when 486 is divided by 45.
36
Calculate the remainder when 252 is divided by 65.
57
Calculate the remainder when 427 is divided by 11.
9
What is the remainder when 702 is divided by 225?
27
What is the remainder when 197 is divided by 24?
5
What is the remainder when 500 is divided by 128?
116
What is the remainder when 338 is divided by 31?
28
Calculate the remainder when 1501 is divided by 499.
4
Calculate the remainder when 14268 is divided by 71.
68
What is the remainder when 957 is divided by 48?
45
What is the remainder when 457 is divided by 197?
63
What is the remainder when 1102 is divided by 108?
22
Calculate the remainder when 239 is divided by 81.
77
What is the remainder when 1052 is divided by 46?
40
What is the remainder when 5006 is divided by 2498?
10
Calculate the remainder when 121 is divided by 44.
33
Calculate the remainder when 1099 is divided by 92.
87
Calculate the remainder when 181 is divided by 11.
5
Calculate the remainder when 285 is divided by 20.
5
What is the remainder when 1040 is divided by 19?
14
Calculate the remainder when 287 is divided by 80.
47
Calculate the remainder when 49 is divided by 13.
10
What is the remainder when 191 is divided by 13?
9
Calculate the remainder when 160 is divided by 18.
16
What is the remainder when 1626 is divided by 540?
6
What is the remainder when 493 is divided by 5?
3
What is the remainder when 162 is divided by 5?
2
Calculate the remainder when 977 is divided by 98.
95
What is the remainder when 157 is divided by 51?
4
Calculate the remainder when 65150 is divided by 171.
170
What is the remainder when 1076 is divided by 22?
20
What is the remainder when 274 is divided by 3?
1
What is the remainder when 3735 is divided by 139?
121
What is the remainder when 4821 is divided by 1201?
17
Calculate the remainder when 499 is divided by 46.
39
What is the remainder when 598 is divided by 30?
28
Calculate the remainder when 348 is divided by 37.
15
Calculate the remainder when 58 is divided by 4.
2
Calculate the remainder when 127 is divided by 43.
41
Calculate the remainder when 1635 is divided by 75.
60
What is the remainder when 288 is divided by 142?
4
What is the remainder when 1881 is divided by 41?
36
What is the remainder when 633 is divided by 437?
196
What is the remainder when 2789 is divided by 9?
8
Calculate the remainder when 92 is divided by 12.
8
Calculate the remainder when 1438 is divided by 72.
70
What is the remainder when 230 is divided by 9?
5
What is the remainder when 18 is divided by 6?
0
What is the remainder when 154 is divided by 12?
10
What is the remainder when 171 is divided by 64?
43
What is the remainder when 317 is divided by 25?
17
Calculate the remainder when 2197 is divided by 220.
217
What is the remainder when 1436 is divided by 3?
2
What is the remainder when 110 is divided by 16?
14
Calculate the remainder when 663 is divided by 606.
57
Calculate the remainder when 3401 is divided by 227.
223
What is the remainder when 2253 is divided by 47?
44
What is the remainder when 328 is divided by 145?
38
What is the remainder when 156 is divided by 148?
8
What is the remainder when 344 is divided by 111?
11
What is the remainder when 115 is divided by 25?
15
Calculate the remainder when 650 is divided by 82.
76
What is the remainder when 734 is divided by 7?
6
What is the remainder when 188 is divided by 28?
20
Calculate the remainder when 100 is divided by 90.
10
What is the remainder when 155 is divided by 16?
11
What is the remainder when 410 is divided by 105?
95
Calculate the remainder when 127 is divided by 8.
7
What is the remainder when 394 is divided by 76?
14
Calculate the remainder when 651 is divided by 103.
33
Calculate the remainder when 422 is divided by 6.
2
What is the remainder when 91 is divided by 33?
25
Calculate the remainder when 188 is divided by 96.
92
Calculate the remainder when 285 is divided by 131.
23
Calculate the remainder when 103 is divided by 9.
4
What is the remainder when 497 is divided by 241?
15
Calculate the remainder when 18244 is divided by 6079.
7
Calculate the remainder when 252 is divided by 122.
8
Calculate the remainder when 2001 is divided by 2.
1
What is the remainder when 462 is divided by 8?
6
What is the remainder when 66 is divided by 4?
2
Calculate the remainder when 6109 is divided by 36.
25
What is the remainder when 456 is divided by 62?
22
What is the remainder when 3177 is divided by 20?
17
Calculate the remainder when 198 is divided by 67.
64
What is the remainder when 1541 is divided by 171?
2
Calculate the remainder when 263 is divided by 127.
9
What is the remainder when 5059 is divided by 44?
43
Calculate the remainder when 3502 is divided by 113.
112
What is the remainder when 1091 is divided by 255?
71
What is the remainder when 15 is divided by 5?
0
What is the remainder when 265 is divided by 7?
6
Calculate the remainder when 489 is divided by 118.
17
Calculate the remainder when 430 is divided by 16.
14
Calculate the remainder when 79 is divided by 35.
9
What is the remainder when 93 is divided by 33?
27
What is the remainder when 216 is divided by 37?
31
Calculate the remainder when 1455 